{"id":17,"date":"2024-01-07T01:18:34","date_gmt":"2024-01-07T01:18:34","guid":{"rendered":"https:\/\/buchhaltung-jentzsch.wh56.host-rack.com\/?page_id=17"},"modified":"2024-10-28T20:44:37","modified_gmt":"2024-10-28T20:44:37","slug":"home","status":"publish","type":"page","link":"https:\/\/www.buchhaltung-jentzsch.de\/","title":{"rendered":"Home"},"content":{"rendered":"<section class=\"bde-section-17-100 bde-section\">\n  \n  \n\t\n\n\n\n<div class=\"section-container\"><div class=\"bde-div-17-104 bde-div\">\n  \n  \n\t\n\n\n\n<div class=\"bde-text-17-105 bde-text\" data-entrance=\"fade\">\nMeine<br>Buchhaltung*\n<\/div><div class=\"bde-text-17-106 bde-text\" data-entrance=\"fade\">\n Wir gestalten Ihren Buchf\u00fchrungsprozess professionell, effizient und kosteng\u00fcnstig. Vertrauen Sie auf unsere Erfahrung.\n<\/div><div class=\"bde-button-17-108 bde-button\" data-entrance=\"fade\">\n    \n                                    \n    \n    \n    \n    \n            \n                    \n            \n            \n\n    \n    \n    \n    \n    \n    <a class=\"breakdance-link button-atom button-atom--secondary bde-button__button\" href=\"https:\/\/www.buchhaltung-jentzsch.de\/?page_id=120\" target=\"_self\" data-type=\"url\"  >\n\n    \n        <span class=\"button-atom__text\">Angebot anfragen <\/span>\n\n        \n        \n                <\/a>\n\n    \n\n\n<\/div>\n<\/div><div class=\"bde-div-17-101 bde-div\">\n  \n  \n\t\n\n\n\n<div class=\"bde-div-17-211 bde-div\">\n  \n  \n\t\n\n\n\n<div class=\"bde-image-17-213 bde-image\">\n<figure class=\"breakdance-image breakdance-image--88\">\n\t<div class=\"breakdance-image-container\">\n\t\t<div class=\"breakdance-image-clip\"><img loading=\"lazy\" decoding=\"async\" class=\"breakdance-image-object\" src=\"https:\/\/www.buchhaltung-jentzsch.de\/wp-content\/uploads\/2024\/01\/book-icon.png\" width=\"400\" height=\"400\" srcset=\"https:\/\/www.buchhaltung-jentzsch.de\/wp-content\/uploads\/2024\/01\/book-icon.png 400w, https:\/\/www.buchhaltung-jentzsch.de\/wp-content\/uploads\/2024\/01\/book-icon-300x300.png 300w, https:\/\/www.buchhaltung-jentzsch.de\/wp-content\/uploads\/2024\/01\/book-icon-150x150.png 150w\" sizes=\"auto, (max-width: 400px) 100vw, 400px\"><\/div>\n\t<\/div><\/figure>\n\n<\/div>\n<\/div>\n<\/div><div class=\"bde-div-17-102 bde-div\">\n  \n  \n\t\n\n\n\n\n<\/div><\/div>\n<\/section><section class=\"bde-section-17-109 bde-section\">\n  \n  \n\t\n\n\n\n<div class=\"section-container\"><div class=\"bde-div-17-111 bde-div\">\n  \n  \n\t\n\n\n\n<div class=\"bde-columns-17-112 bde-columns\"><div class=\"bde-column-17-113 bde-column\">\n  \n  \n\t\n\n\n\n<div class=\"bde-div-17-119 bde-div\">\n  \n  \n\t\n\n\n\n\n<\/div>\n<\/div><div class=\"bde-column-17-114 bde-column\">\n  \n  \n\t\n\n\n\n<div class=\"bde-div-17-116 bde-div\">\n  \n  \n\t\n\n\n\n<h1 class=\"bde-heading-17-118 bde-heading\" data-entrance=\"slideUp\">\nBuchf\u00fchrung* auslagern: Unsere Dienstleistungen bieten schnelle L\u00f6sungen\n<\/h1>\n<\/div><div class=\"bde-div-17-117 bde-div\">\n  \n  \n\t\n\n\n\n<div class=\"bde-text-17-120 bde-text\" data-entrance=\"slideUp\">\nWarum eigenes Personal f\u00fcr Buchhaltung* und Lohnabrechnung* einstellen, wenn es eine bessere L\u00f6sung gibt?  Wir \u00fcbernehmen nicht nur die Aufgaben Ihrer Buchhaltung, sondern k\u00fcmmern uns umfassend und gewissenhaft um alle damit verbundenen Angelegenheiten.\n<\/div>\n<\/div>\n<\/div><\/div><div class=\"bde-div-17-121 bde-div\">\n  \n  \n\t\n\n\n\n<div class=\"bde-div-17-122 bde-div\">\n  \n  \n\t\n\n\n\n<h1 class=\"bde-heading-17-123 bde-heading\" data-entrance=\"slideUp\">\nEinfache Buchhaltung* f\u00fcr Ihren Online-Shop:<br> Wir \u00fcbernehmen, bringen unsere Erfahrung ein und unterst\u00fctzen Sie auch beim Start\n<\/h1>\n<\/div><div class=\"bde-div-17-124 bde-div\">\n  \n  \n\t\n\n\n\n<div class=\"bde-text-17-125 bde-text\" data-entrance=\"slideUp\">\nWir verstehen die Herausforderungen, vor denen neue Online-H\u00e4ndler stehen, und bieten besonders attraktive Konditionen an. Unsere Dienstleistungen erm\u00f6glichen nicht nur eine reibungslose Buchf\u00fchrung* f\u00fcr Plattformen wie Shopify, Etsy, Amazon, Kaufland und mehr, sondern auch eine einfache Integration mit Lexofice und SevDesk nach Bedarf. Durch die nahtlose Anbindung an Anbieter wie Billbee und PayJoy steigern Sie Ihren Erfolg, w\u00e4hrend wir uns um die Buchhaltung k\u00fcmmern \u2013 Unkompliziert, kundenorientiert und technologisch auf dem neuesten Stand.\n<\/div>\n<\/div>\n<\/div>\n<\/div><\/div>\n<\/section><section class=\"bde-section-17-126 bde-section\">\n  \n  \n\t\n\n\n\n<div class=\"section-container\"><div class=\"bde-div-17-128 bde-div\">\n  \n  \n\t\n\n\n\n<h1 class=\"bde-heading-17-129 bde-heading\">\nWIR NEHMEN F\u00dcR SIE UNTER ANDEREM FOLGENDE AUFGABEN WAHR:\n<\/h1><div class=\"bde-div-17-130 bde-div\">\n  \n  \n\t\n\n\n\n<h1 class=\"bde-heading-17-131 bde-heading\">\nBuchhaltung*\n<\/h1><div class=\"bde-text-17-132 bde-text\">\nVertrauen Sie auf unsere Kompetenz, um die Buchf\u00fchrung* Ihres Unternehmens zu optimieren. Konzentrieren Sie sich auf das Wesentliche, w\u00e4hrend wir Ihnen professionelle Unterst\u00fctzung bieten.\n<\/div>\n<\/div><div class=\"bde-div-17-133 bde-div\">\n  \n  \n\t\n\n\n\n<h1 class=\"bde-heading-17-134 bde-heading\">\nMonatliche Abschl\u00fcsse*\n<\/h1><div class=\"bde-text-17-135 bde-text\">\nErstellung von \u00fcbersichtlichen monatlichen Abschl\u00fcssen, um Ihnen einen klaren Einblick in die finanzielle Lage Ihres Unternehmens zu erm\u00f6glichen.\n<\/div>\n<\/div><div class=\"bde-div-17-136 bde-div\">\n  \n  \n\t\n\n\n\n<h1 class=\"bde-heading-17-137 bde-heading\">\nKontenabstimmung: \n<\/h1><div class=\"bde-text-17-138 bde-text\">\nSorgf\u00e4ltige Abstimmung aller Konten, um sicherzustellen, dass alle finanziellen Aufzeichnungen genau und konsistent sind.\n<\/div><div class=\"bde-div-17-139 bde-div\">\n  \n  \n\t\n\n\n\n<h1 class=\"bde-heading-17-140 bde-heading\">\nBelegmanagement:\n<\/h1><div class=\"bde-text-17-141 bde-text\">\nEffiziente Verwaltung und Organisation von Belegen, um eine l\u00fcckenlose Buchf\u00fchrung zu gew\u00e4hrleisten.\n<\/div>\n<\/div><div class=\"bde-div-17-142 bde-div\">\n  \n  \n\t\n\n\n\n<h1 class=\"bde-heading-17-143 bde-heading\">\nBeratung zur Effizienzsteigerung:\n<\/h1><div class=\"bde-text-17-144 bde-text\">\nProfessionelle Beratung zur Optimierung von Buchhaltungsprozessen und Implementierung effizienter Strategien f\u00fcr einen reibungslosen Ablauf.\n<\/div>\n<\/div>\n<\/div>\n<\/div><\/div>\n<\/section><section class=\"bde-section-17-145 bde-section\">\n  \n  \n\t\n\n\n\n<div class=\"section-container\"><div class=\"bde-div-17-148 bde-div\">\n  \n  \n\t\n\n\n\n<div class=\"bde-image-17-149 bde-image\">\n<figure class=\"breakdance-image breakdance-image--69 breakdance-image--caption-overlap\">\n\t<div class=\"breakdance-image-container\">\n\t\t<div class=\"breakdance-image-clip\"><img loading=\"lazy\" decoding=\"async\" class=\"breakdance-image-object\" src=\"https:\/\/www.buchhaltung-jentzsch.de\/wp-content\/uploads\/2024\/01\/buchhaltung-auslagrn.jpg\" width=\"1105\" height=\"991\" srcset=\"https:\/\/www.buchhaltung-jentzsch.de\/wp-content\/uploads\/2024\/01\/buchhaltung-auslagrn.jpg 1105w, https:\/\/www.buchhaltung-jentzsch.de\/wp-content\/uploads\/2024\/01\/buchhaltung-auslagrn-300x269.jpg 300w, https:\/\/www.buchhaltung-jentzsch.de\/wp-content\/uploads\/2024\/01\/buchhaltung-auslagrn-1024x918.jpg 1024w, https:\/\/www.buchhaltung-jentzsch.de\/wp-content\/uploads\/2024\/01\/buchhaltung-auslagrn-768x689.jpg 768w\" sizes=\"auto, (max-width: 1105px) 100vw, 1105px\"><\/div>\n\t<\/div><\/figure>\n\n<\/div>\n<\/div><div class=\"bde-div-17-147 bde-div\">\n  \n  \n\t\n\n\n\n<div class=\"bde-div-17-150 bde-div\">\n  \n  \n\t\n\n\n\n<h1 class=\"bde-heading-17-151 bde-heading\" data-entrance=\"slideUp\">\nLohnabrechnung*: Entlastung f\u00fcr Ihren Betrieb, mehr Produktivit\u00e4t f\u00fcr Sie!\n<\/h1><div class=\"bde-text-17-152 bde-text\" data-entrance=\"slideUp\">\nBefreien Sie sich von zeitraubenden Aufgaben und g\u00f6nnen Sie sich mehr Freiraum f\u00fcr Ihr Unternehmen! Unser umfassender  Service f\u00fcr Lohn- und Gehaltsabrechnungen nimmt Ihnen den Stress und erm\u00f6glicht es Ihnen, sich auf wichtigere Aufgaben zu konzentrieren. <br><br>Wir erledigen diese Arbeiten gr\u00fcndlich und termingerecht, damit Sie sich entspannen k\u00f6nnen, w\u00e4hrend wir die Abrechnungen  \u00fcbernehmen.\n<\/div><div class=\"bde-button-17-153 bde-button\" data-entrance=\"slideUp\">\n    \n                                    \n    \n    \n    \n    \n            \n                    \n            \n            \n\n    \n    \n    \n    \n    \n    <a class=\"breakdance-link button-atom button-atom--secondary bde-button__button\" href=\"https:\/\/www.buchhaltung-jentzsch.de\/?page_id=120\" target=\"_self\" data-type=\"url\"  >\n\n    \n        <span class=\"button-atom__text\">Angebot anfagen<\/span>\n\n        \n        \n                <\/a>\n\n    \n\n\n<\/div>\n<\/div><div class=\"bde-div-17-154 bde-div\">\n  \n  \n\t\n\n\n\n<div class=\"bde-columns-17-155 bde-columns\"><div class=\"bde-column-17-156 bde-column\">\n  \n  \n\t\n\n\n\n<div class=\"bde-image-17-158 bde-image\">\n<figure class=\"breakdance-image breakdance-image--70\">\n\t<div class=\"breakdance-image-container\">\n\t\t<div class=\"breakdance-image-clip\"><img loading=\"lazy\" decoding=\"async\" class=\"breakdance-image-object\" src=\"https:\/\/www.buchhaltung-jentzsch.de\/wp-content\/uploads\/2024\/01\/lohnbuchhaltungs-service-anfragen-scaled.jpg\" width=\"2270\" height=\"2560\" srcset=\"https:\/\/www.buchhaltung-jentzsch.de\/wp-content\/uploads\/2024\/01\/lohnbuchhaltungs-service-anfragen-scaled.jpg 2270w, https:\/\/www.buchhaltung-jentzsch.de\/wp-content\/uploads\/2024\/01\/lohnbuchhaltungs-service-anfragen-266x300.jpg 266w, https:\/\/www.buchhaltung-jentzsch.de\/wp-content\/uploads\/2024\/01\/lohnbuchhaltungs-service-anfragen-908x1024.jpg 908w, https:\/\/www.buchhaltung-jentzsch.de\/wp-content\/uploads\/2024\/01\/lohnbuchhaltungs-service-anfragen-768x866.jpg 768w, https:\/\/www.buchhaltung-jentzsch.de\/wp-content\/uploads\/2024\/01\/lohnbuchhaltungs-service-anfragen-1362x1536.jpg 1362w, https:\/\/www.buchhaltung-jentzsch.de\/wp-content\/uploads\/2024\/01\/lohnbuchhaltungs-service-anfragen-1816x2048.jpg 1816w\" sizes=\"auto, (max-width: 2270px) 100vw, 2270px\"><\/div>\n\t<\/div><\/figure>\n\n<\/div>\n<\/div><div class=\"bde-column-17-157 bde-column\">\n  \n  \n\t\n\n\n\n<div class=\"bde-div-17-159 bde-div\">\n  \n  \n\t\n\n\n\n<h1 class=\"bde-heading-17-160 bde-heading\" data-entrance=\"slideUp\">\nUnterst\u00fctzung als Unternehmensberatung und Hilfe bei Ihrem Businessplan\n<\/h1><div class=\"bde-text-17-161 bde-text\" data-entrance=\"slideUp\">\nUnsere umfassende Unternehmensberatung bietet Hilfe bei der Gr\u00fcndung und Entwicklung von Start-ups, unterst\u00fctzt Ihren Start als Freiberufler, Handwerker oder Selbst\u00e4ndiger, und begleitet Sie bei der Optimierung von Gesch\u00e4ftsprozessen. Zudem \u00fcbernehmen wir gerne Ihre Rechnungsschreibung sowie den kaufm\u00e4nnischen Zahlungsverkehr und das Mahnwesen, damit Sie sich auf das Wesentliche konzentrieren k\u00f6nnen.<br><br>Wir stehen Ihnen mit professioneller Unterst\u00fctzung zur Seite.\n<\/div>\n<\/div>\n<\/div><\/div>\n<\/div>\n<\/div><\/div>\n<\/section><section class=\"bde-section-17-163 bde-section\">\n              \n  \n  \n\t\n\n  <div class=\"section-background-overlay\"><\/div>\n\n\n<div class=\"section-container\"><div class=\"bde-text-17-164 bde-text\">\nHilfe bei der Einrichtung Ihrer Buchhaltung\n<\/div><h1 class=\"bde-heading-17-165 bde-heading\">\nIT-Support f\u00fcr Ihr Unternehmen\n<\/h1><div class=\"bde-button-17-166 bde-button\">\n    \n                                    \n    \n    \n    \n    \n            \n                    \n            \n            \n\n    \n    \n    \n    \n    \n    <a class=\"breakdance-link button-atom button-atom--secondary bde-button__button\" href=\"https:\/\/www.buchhaltung-jentzsch.de\/?page_id=128\" target=\"_self\" data-type=\"url\"  >\n\n    \n        <span class=\"button-atom__text\">Mehr zum IT-Support<\/span>\n\n        \n        \n                <\/a>\n\n    \n\n\n<\/div><\/div>\n<\/section><section class=\"bde-section-17-162 bde-section\">\n  \n  \n\t\n\n\n\n<div class=\"section-container\"><div class=\"bde-div-17-167 bde-div\">\n  \n  \n\t\n\n\n\n<div class=\"bde-div-17-168 bde-div\">\n  \n  \n\t\n\n\n\n<h1 class=\"bde-heading-17-169 bde-heading\" data-entrance=\"slideUp\">\nOutsourcing leicht gemacht - Nutzen Sie unseren umfassenden Post & Full Service\n<\/h1>\n<\/div><div class=\"bde-div-17-170 bde-div\">\n  \n  \n\t\n\n\n\n<div class=\"bde-text-17-171 bde-text\" data-entrance=\"slideUp\">\nVerlagern Sie Ihr B\u00fcro zu uns und erleben Sie die entspannte Freiheit, sich voll und ganz auf Ihr Kerngesch\u00e4ft zu konzentrieren. Mit unserem effizienten Post & Full Service-Dienstleistung  k\u00f6nnen Sie einen erheblichen Teil Ihrer B\u00fcroarbeit an uns \u00fcbertragen. Lassen Sie uns die l\u00e4stigen administrativen Aufgaben \u00fcbernehmen, damit Sie sich auf die wirklich wichtigen Aspekte Ihres Unternehmens konzentrieren k\u00f6nnen. Mit unserem Outsourcing-Service haben Sie die M\u00f6glichkeit, sich von m\u00fchsamen T\u00e4tigkeiten zu entlasten und gleichzeitig die unternehmerische Freiheit zu genie\u00dfen. So schaffen Sie nicht nur Raum f\u00fcr Kreativit\u00e4t, sondern optimieren auch Ihre betriebliche Effizienz f\u00fcr langfristigen Erfolg.\n<\/div>\n<\/div>\n<\/div><div class=\"bde-div-17-172 bde-div\">\n  \n  \n\t\n\n\n\n<div class=\"bde-button-17-173 bde-button\" data-entrance=\"slideUp\">\n    \n                                    \n    \n    \n    \n    \n            \n                    \n            \n            \n\n    \n    \n    \n    \n    \n    <a class=\"breakdance-link button-atom button-atom--primary bde-button__button\" href=\"https:\/\/www.buchhaltung-jentzsch.de\/?page_id=120\" target=\"_self\" data-type=\"url\"  >\n\n    \n        <span class=\"button-atom__text\">Angebot anfagen<\/span>\n\n        \n        \n                <\/a>\n\n    \n\n\n<\/div>\n<\/div><\/div>\n<\/section><section class=\"bde-section-17-174 bde-section\">\n  \n  \n\t\n\n\n\n<div class=\"section-container\"><div class=\"bde-grid-17-175 bde-grid\">\n  \n  \n\t\n\n\n\n<div class=\"bde-div-17-176 bde-div\">\n  \n  \n\t\n\n\n\n<h1 class=\"bde-heading-17-178 bde-heading\">\nH\u00e4ufige Fragen<br> zu unseren Dienstleistungen\n<\/h1>\n<\/div><div class=\"bde-div-17-177 bde-div\">\n  \n  \n\t\n\n\n\n<div class=\"bde-div-17-181 bde-div\">\n  \n  \n\t\n\n\n\n<h1 class=\"bde-heading-17-179 bde-heading\">\nWarum sollte ich meine Buchf\u00fchrung* und Lohnabrechnung* auslagern?\n<\/h1><div class=\"bde-text-17-180 bde-text\">\nDas Auslagern dieser Aufgaben erm\u00f6glicht es Ihnen, sich auf Ihr Kerngesch\u00e4ft zu konzentrieren. Wir \u00fcbernehmen die finanziellen Aspekte Ihres Unternehmens, um Ihnen Zeit, Ressourcen und Stress zu ersparen.\n<\/div>\n<\/div><div class=\"bde-div-17-182 bde-div\">\n  \n  \n\t\n\n\n\n<h1 class=\"bde-heading-17-183 bde-heading\">\nWie sicher sind meine Daten im Rahmen der Datenschutzberatung?\n<\/h1><div class=\"bde-text-17-184 bde-text\">\nDatensicherheit hat h\u00f6chste Priorit\u00e4t. Unsere Datenschutzexperten halten Ihr Unternehmen auf dem neuesten Stand der gesetzlichen Anforderungen, um sicherzustellen, dass Ihre Daten optimal gesch\u00fctzt sind.\n<\/div>\n<\/div><div class=\"bde-div-17-185 bde-div\">\n  \n  \n\t\n\n\n\n<h1 class=\"bde-heading-17-186 bde-heading\">\nUnterst\u00fctzen Sie auch Online-Shop-Buchhaltung* f\u00fcr Plattformen wie Etsy und Amazon?\n<\/h1><div class=\"bde-text-17-187 bde-text\">\nJa, wir bieten spezielle L\u00f6sungen f\u00fcr Online-H\u00e4ndler an, darunter die Buchf\u00fchrung f\u00fcr Plattformen* wie Etsy, Amazon und viele mehr. Unsere Dienstleistungen sind darauf ausgerichtet, Ihr Online-Gesch\u00e4ft m\u00fchelos zu unterst\u00fctzen.\n<\/div>\n<\/div><div class=\"bde-div-17-188 bde-div\">\n  \n  \n\t\n\n\n\n<h1 class=\"bde-heading-17-189 bde-heading\">\nWie flexibel sind Ihre Buchhaltungsl\u00f6sungen* f\u00fcr unterschiedlich gro\u00dfe Unternehmen?\n<\/h1><div class=\"bde-text-17-190 bde-text\">\nUnsere Buchhaltungsdeinstleistungen* sind flexibel und passen sich den Bed\u00fcrfnissen von Einzelunternehmen, online Shops bis zu gr\u00f6\u00dferen Betrieben an. Wir bieten ma\u00dfgeschneiderte Dienstleistungen, um sicherzustellen, dass Sie genau das erhalten, was Ihr Unternehmen ben\u00f6tigt.\n<\/div>\n<\/div><div class=\"bde-div-17-191 bde-div\">\n  \n  \n\t\n\n\n\n<h1 class=\"bde-heading-17-192 bde-heading\">\nWelche Softwarel\u00f6sungen nutzen Sie f\u00fcr die Buchhaltung und den IT-Support?\n<\/h1><div class=\"bde-text-17-193 bde-text\">\nWir nutzen moderne Softwarel\u00f6sungen wie Lexofice und SevDesk und richten eine Vielzahl von Schnittstellen ein, um eine effiziente und reibungslose Abwicklung Ihrer Finanzprozesse sicherzustellen.\n<\/div>\n<\/div>\n<\/div>\n<\/div><\/div>\n<\/section><section class=\"bde-section-17-195 bde-section\">\n  \n  \n\t\n\n\n\n<div class=\"section-container\"><div class=\"bde-div-17-196 bde-div\">\n  \n  \n\t\n\n\n\n<div class=\"bde-columns-17-197 bde-columns\"><div class=\"bde-column-17-198 bde-column\">\n  \n  \n\t\n\n\n\n<div class=\"bde-div-17-199 bde-div\">\n  \n  \n\t\n\n\n\n\n<\/div>\n<\/div><div class=\"bde-column-17-200 bde-column\">\n  \n  \n\t\n\n\n\n<div class=\"bde-div-17-201 bde-div\">\n  \n  \n\t\n\n\n\n<h1 class=\"bde-heading-17-202 bde-heading\" data-entrance=\"slideUp\">\nErfahren Sie mehr <br>\u00fcber uns\n<\/h1>\n<\/div><div class=\"bde-div-17-203 bde-div\">\n  \n  \n\t\n\n\n\n<div class=\"bde-text-17-204 bde-text\" data-entrance=\"slideUp\">\nSeit \u00fcber einem Jahrzehnt sind wir als Experten im Bereich Buchhaltungsdienstleistungen* t\u00e4tig und haben unseren Fokus darauf gelegt, individuelle Finanzkonzepte f\u00fcr unsere Kunden zu entwickeln. In den vergangenen Jahren haben wir uns nicht nur auf die Erstellung ma\u00dfgeschneiderter Buchhaltungsl\u00f6sungen konzentriert, sondern auch auf die Integration effizienter Softwaretools, die uns erlauben, Ihre Finanzprozesse nahtlos zu gestalten.<br><br>Wir sch\u00e4tzen die Zeit, die wir bereits in diesem Bereich verbracht haben, und haben stetig daran gearbeitet, unser Fachwissen und unsere F\u00e4higkeiten zu erweitern. \n<\/div><div class=\"bde-text-17-210 bde-text\" data-entrance=\"slideUp\">\nJustus Alexander Jentzsch<br>Selbstst\u00e4ndiger Buchhalter\n<\/div>\n<\/div>\n<\/div><\/div>\n<\/div><\/div>\n<\/section>","protected":false},"excerpt":{"rendered":"<p>MeineBuchhaltung* Wir gestalten Ihren Buchf\u00fchrungsprozess professionell, effizient und kosteng\u00fcnstig. Vertrauen Sie auf unsere Erfahrung. Angebot anfragen Buchf\u00fchrung* auslagern: Unsere Dienstleistungen bieten schnelle L\u00f6sungen Warum eigenes Personal f\u00fcr Buchhaltung* und Lohnabrechnung* einstellen, wenn es eine bessere L\u00f6sung gibt? Wir \u00fcbernehmen nicht nur die Aufgaben Ihrer Buchhaltung, sondern k\u00fcmmern uns umfassend und gewissenhaft um alle damit verbundenen [&hellip;]<\/p>\n","protected":false},"author":2,"featured_media":0,"parent":0,"menu_order":0,"comment_status":"closed","ping_status":"closed","template":"","meta":{"_breakdance_hide_in_design_set":false,"_breakdance_tags":"","footnotes":""},"class_list":["post-17","page","type-page","status-publish","hentry"],"_links":{"self":[{"href":"https:\/\/www.buchhaltung-jentzsch.de\/index.php?rest_route=\/wp\/v2\/pages\/17","targetHints":{"allow":["GET"]}}],"collection":[{"href":"https:\/\/www.buchhaltung-jentzsch.de\/index.php?rest_route=\/wp\/v2\/pages"}],"about":[{"href":"https:\/\/www.buchhaltung-jentzsch.de\/index.php?rest_route=\/wp\/v2\/types\/page"}],"author":[{"embeddable":true,"href":"https:\/\/www.buchhaltung-jentzsch.de\/index.php?rest_route=\/wp\/v2\/users\/2"}],"replies":[{"embeddable":true,"href":"https:\/\/www.buchhaltung-jentzsch.de\/index.php?rest_route=%2Fwp%2Fv2%2Fcomments&post=17"}],"version-history":[{"count":60,"href":"https:\/\/www.buchhaltung-jentzsch.de\/index.php?rest_route=\/wp\/v2\/pages\/17\/revisions"}],"predecessor-version":[{"id":239,"href":"https:\/\/www.buchhaltung-jentzsch.de\/index.php?rest_route=\/wp\/v2\/pages\/17\/revisions\/239"}],"wp:attachment":[{"href":"https:\/\/www.buchhaltung-jentzsch.de\/index.php?rest_route=%2Fwp%2Fv2%2Fmedia&parent=17"}],"curies":[{"name":"wp","href":"https:\/\/api.w.org\/{rel}","templated":true}]}}